[INFO] fetching crate pem-parser 0.1.1...
[INFO] checking pem-parser-0.1.1 against master#af3c6e733a40e671550e0f0f5aeecaa13772ba56 for pr-74989
[INFO] extracting crate pem-parser 0.1.1 into /workspace/builds/worker-13/source
[INFO] validating manifest of crates.io crate pem-parser 0.1.1 on toolchain af3c6e733a40e671550e0f0f5aeecaa13772ba56
[INFO] running `Command { std: "/workspace/cargo-home/bin/cargo" "+af3c6e733a40e671550e0f0f5aeecaa13772ba56" "read-manifest" "--manifest-path" "Cargo.toml", kill_on_drop: false }`
[INFO] started tweaking crates.io crate pem-parser 0.1.1
[INFO] finished tweaking crates.io crate pem-parser 0.1.1
[INFO] tweaked toml for crates.io crate pem-parser 0.1.1 written to /workspace/builds/worker-13/source/Cargo.toml
[INFO] running `Command { std: "/workspace/cargo-home/bin/cargo" "+af3c6e733a40e671550e0f0f5aeecaa13772ba56" "generate-lockfile" "--manifest-path" "Cargo.toml" "-Zno-index-update", kill_on_drop: false }`
[INFO] running `Command { std: "/workspace/cargo-home/bin/cargo" "+af3c6e733a40e671550e0f0f5aeecaa13772ba56" "fetch" "--locked" "--manifest-path" "Cargo.toml", kill_on_drop: false }`
[INFO] running `Command { std: "docker" "create" "-v" "/var/lib/crater-agent-workspace/builds/worker-13/target:/opt/rustwide/target:rw,Z" "-v" "/var/lib/crater-agent-workspace/builds/worker-13/source:/opt/rustwide/workdir:ro,Z" "-v" "/var/lib/crater-agent-workspace/cargo-home:/opt/rustwide/cargo-home:ro,Z" "-v" "/var/lib/crater-agent-workspace/rustup-home:/opt/rustwide/rustup-home:ro,Z" "-e" "SOURCE_DIR=/opt/rustwide/workdir" "-e" "CARGO_TARGET_DIR=/opt/rustwide/target" "-e" "CARGO_HOME=/opt/rustwide/cargo-home" "-e" "RUSTUP_HOME=/opt/rustwide/rustup-home" "-w" "/opt/rustwide/workdir" "-m" "1610612736" "--user" "0:0" "--network" "none" "rustops/crates-build-env@sha256:d92eaeed33fa75130ca1ee6c8a01d1ffb62bac859dfdfb3450e3e5d1c0146529" "/opt/rustwide/cargo-home/bin/cargo" "+af3c6e733a40e671550e0f0f5aeecaa13772ba56" "metadata" "--no-deps" "--format-version=1", kill_on_drop: false }`
[INFO] [stdout] e00b1ca669fc9a72dd638b6e192ac975b83603db8137f11755f7d8f7e51aedf2
[INFO] [stderr] WARNING: Your kernel does not support swap limit capabilities or the cgroup is not mounted. Memory limited without swap.
[INFO] running `Command { std: "docker" "start" "-a" "e00b1ca669fc9a72dd638b6e192ac975b83603db8137f11755f7d8f7e51aedf2", kill_on_drop: false }`
[INFO] running `Command { std: "docker" "inspect" "e00b1ca669fc9a72dd638b6e192ac975b83603db8137f11755f7d8f7e51aedf2", kill_on_drop: false }`
[INFO] running `Command { std: "docker" "rm" "-f" "e00b1ca669fc9a72dd638b6e192ac975b83603db8137f11755f7d8f7e51aedf2", kill_on_drop: false }`
[INFO] [stdout] e00b1ca669fc9a72dd638b6e192ac975b83603db8137f11755f7d8f7e51aedf2
[INFO] running `Command { std: "docker" "create" "-v" "/var/lib/crater-agent-workspace/builds/worker-13/target:/opt/rustwide/target:rw,Z" "-v" "/var/lib/crater-agent-workspace/builds/worker-13/source:/opt/rustwide/workdir:ro,Z" "-v" "/var/lib/crater-agent-workspace/cargo-home:/opt/rustwide/cargo-home:ro,Z" "-v" "/var/lib/crater-agent-workspace/rustup-home:/opt/rustwide/rustup-home:ro,Z" "-e" "SOURCE_DIR=/opt/rustwide/workdir" "-e" "CARGO_TARGET_DIR=/opt/rustwide/target" "-e" "CARGO_INCREMENTAL=0" "-e" "RUST_BACKTRACE=full" "-e" "RUSTFLAGS=--cap-lints=forbid" "-e" "CARGO_HOME=/opt/rustwide/cargo-home" "-e" "RUSTUP_HOME=/opt/rustwide/rustup-home" "-w" "/opt/rustwide/workdir" "-m" "1610612736" "--user" "0:0" "--network" "none" "rustops/crates-build-env@sha256:d92eaeed33fa75130ca1ee6c8a01d1ffb62bac859dfdfb3450e3e5d1c0146529" "/opt/rustwide/cargo-home/bin/cargo" "+af3c6e733a40e671550e0f0f5aeecaa13772ba56" "check" "--frozen" "--all" "--all-targets" "--message-format=json", kill_on_drop: false }`
[INFO] [stdout] c7fcc6653e6279404c1e28d4dc8279f4530c0be4448553e495f800b017704761
[INFO] [stderr] WARNING: Your kernel does not support swap limit capabilities or the cgroup is not mounted. Memory limited without swap.
[INFO] running `Command { std: "docker" "start" "-a" "c7fcc6653e6279404c1e28d4dc8279f4530c0be4448553e495f800b017704761", kill_on_drop: false }`
[INFO] [stderr]    Compiling autocfg v1.0.1
[INFO] [stderr]    Compiling cc v1.0.59
[INFO] [stderr]    Compiling pkg-config v0.3.18
[INFO] [stderr]    Compiling libc v0.2.77
[INFO] [stderr]    Compiling bitflags v1.2.1
[INFO] [stderr]     Checking rustc-serialize v0.3.24
[INFO] [stderr]     Checking cfg-if v0.1.10
[INFO] [stderr]     Checking aho-corasick v0.7.13
[INFO] [stderr]     Checking regex v1.3.9
[INFO] [stderr]    Compiling openssl-sys v0.9.58
[INFO] [stderr]    Compiling openssl v0.10.30
[INFO] [stderr]     Checking pem-parser v0.1.1 (/opt/rustwide/workdir)
[INFO] [stdout] error[E0433]: failed to resolve: could not find `crypto` in `openssl`
[INFO] [stdout]  --> tests/test.rs:9:20
[INFO] [stdout]   |
[INFO] [stdout] 9 | use self::openssl::crypto::pkey::{PKey, EncryptionPadding};
[INFO] [stdout]   |                    ^^^^^^ could not find `crypto` in `openssl`
[INFO] [stdout] 
[INFO] [stdout] 
[INFO] [stdout] error[E0433]: failed to resolve: use of undeclared type or module `EncryptionPadding`
[INFO] [stdout]   --> tests/test.rs:73:5
[INFO] [stdout]    |
[INFO] [stdout] 73 |     EncryptionPadding::PKCS1v15 // PKCS is the default padding scheme.
[INFO] [stdout]    |     ^^^^^^^^^^^^^^^^^ use of undeclared type or module `EncryptionPadding`
[INFO] [stdout] 
[INFO] [stdout] 
[INFO] [stdout] error[E0433]: failed to resolve: use of undeclared type or module `EncryptionPadding`
[INFO] [stdout]   --> tests/test.rs:96:5
[INFO] [stdout]    |
[INFO] [stdout] 96 |     EncryptionPadding::PKCS1v15
[INFO] [stdout]    |     ^^^^^^^^^^^^^^^^^ use of undeclared type or module `EncryptionPadding`
[INFO] [stdout] 
[INFO] [stdout] 
[INFO] [stdout] error[E0433]: failed to resolve: use of undeclared type or module `PKey`
[INFO] [stdout]   --> tests/test.rs:68:18
[INFO] [stdout]    |
[INFO] [stdout] 68 |   let mut pkey = PKey::new();
[INFO] [stdout]    |                  ^^^^ not found in this scope
[INFO] [stdout]    |
[INFO] [stdout] help: consider importing this struct
[INFO] [stdout]    |
[INFO] [stdout] 4  | use openssl::pkey::PKey;
[INFO] [stdout]    |
[INFO] [stdout] 
[INFO] [stdout] 
[INFO] [stdout] error[E0433]: failed to resolve: use of undeclared type or module `PKey`
[INFO] [stdout]   --> tests/test.rs:89:18
[INFO] [stdout]    |
[INFO] [stdout] 89 |   let mut pkey = PKey::new();
[INFO] [stdout]    |                  ^^^^ not found in this scope
[INFO] [stdout]    |
[INFO] [stdout] help: consider importing this struct
[INFO] [stdout]    |
[INFO] [stdout] 4  | use openssl::pkey::PKey;
[INFO] [stdout]    |
[INFO] [stdout] 
[INFO] [stdout] 
[INFO] [stdout] error: aborting due to 5 previous errors
[INFO] [stdout] 
[INFO] [stdout] 
[INFO] [stdout] For more information about this error, try `rustc --explain E0433`.
[INFO] [stdout] 
[INFO] [stderr] error: could not compile `pem-parser`.
[INFO] [stderr] 
[INFO] [stderr] To learn more, run the command again with --verbose.
[INFO] [stderr] warning: build failed, waiting for other jobs to finish...
[INFO] [stderr] error: build failed
[INFO] running `Command { std: "docker" "inspect" "c7fcc6653e6279404c1e28d4dc8279f4530c0be4448553e495f800b017704761", kill_on_drop: false }`
[INFO] running `Command { std: "docker" "rm" "-f" "c7fcc6653e6279404c1e28d4dc8279f4530c0be4448553e495f800b017704761", kill_on_drop: false }`
[INFO] [stdout] c7fcc6653e6279404c1e28d4dc8279f4530c0be4448553e495f800b017704761
